 = 3*a(u) + 2*c(u). Calculate o(-13).
-51
Let a(s) = s + 13. Let w(t) = -12*t**3 - t**2 - 5*t - 4. Let v be w(-1). Let r be (-132)/v + (0 - -6). Determine a(r).
8
Let t(b) = -6*b**2 + 12. Let p be (-2)/(12/66 + (-32)/55). Let u(k) = 34*k + 11 - 34*k - p*k**2. Let c(g) = 6*t(g) - 7*u(g). Calculate c(0).
-5
Let o = -107 + 109. Suppose 4*r - 5*v - 13 = o, 5*r - 4*v = 12. Let m(d) = -d**2 + d - 7. Give m(r).
-7
Let r be 153 + (-8 + 3)/(-5). Let t = r + -154. Let q(s) = s + 5. Determine q(t).
5
Let r(s) = -s**2 + 21*s - 45. Let o(d) = -6*d + 1. Let l be o(-3). Let w be r(l). Let h(m) = m + 4. Calculate h(w).
-3
Let m(j) = j**3 + 20*j**2 - j - 15. Let o be m(-20). Let b(v) = o + 18*v - 19*v - 2. Let a be (1 - -3) + 10/5. Calculate b(a).
-3
Let f(v) = -189*v - 1833. Let r(y) = 27*y + 244. Let t(a) = 2*f(a) + 15*r(a). Give t(2).
48
Let y(a) = -95*a + 8. Let i(q) = 47*q - 3. Let k(c) = 5*i(c) + 2*y(c). Determine k(1).
46
Suppose -4*y = 3*h - 832, 3*h + 283 - 1107 = -2*y. Suppose -5*t = 252 - h. Let u(q) = 4*q + 5. Give u(t).
21
Suppose d - 4*b = -27, -10*d + b = -7*d + 15. Let i(y) = -3*y**2 - 3*y + 6. Calculate i(d).
-12
Let u(c) = c**3 - 4*c**2 - 9*c + 5. Let z be 1/(-3) + 2/18*57. Let b be u(z). Let x(k) = -14*k**2 + 0 + 2*k - 8*k**2 - 3 + b*k**2. Give x(2).
5
Let c(i) be the first derivative of 11/2*i**2 - 4*i**3 - 14*i - 143 + 1/4*i**4. What is c(11)?
-14
Let g(b) = 3*b**2 + 1. Let o be 8 - (-6)/(30/(-25)). Suppose 11*t + o = 14*t. Give g(t).
4
Let u(f) = 41*f - 32. Suppose -32*h + 40*h - 8 = 0. Determine u(h).
9
Let p(m) be the second derivative of -m**4/6 - 2*m**3 - m + 678. Calculate p(-9).
-54
Let n(h) = -8*h + 4. Let x(t) = -14*t + 13. Let m(z) = -7*z + 6. Let s(b) = 5*m(b) - 2*x(b). Let g = 867 + -864. Let c(p) = g*n(p) - 4*s(p). What is c(3)?
8
Let d(r) = -10*r**3 + 18*r**2 + 21*r - 27. Let i(h) = 3*h**3 - 5*h**2 - 2*h. Let o(v) = -d(v) - 3*i(v). Determine o(5).
2
Let d(a) = -338*a**2 + 179*a**2 - 8 + 164*a**2. Determine d(0).
-8
Let a(f) = f**3 + 4*f**2 - f - 2. Let s be a(-4). Let o(j) = -6*j - 4 + 8 + 4 - 9 + 4 + 0*j. Give o(s).
-9
Let s(i) be the third derivative of -i**8/10080 - i**7/420 - i**6/144 + 37*i**5/10 + 2*i**2 - 19. Let q(f) be the third derivative of s(f). Determine q(-5).
5
Let x(p) = -4*p**3 - 2*p - 1. Let i = -199 + -21. Let h = i + 219. Give x(h).
5
Suppose 5079*q - 5088*q = -36. Let f(k) = -3*k + 9. Calculate f(q).
-3
Let k(l) be the first derivative of -l**3/3 + 6*l**2 - 14*l - 1704. Suppose -36 = -2*w + w + 5*b, 3*b + 70 = 5*w. What is k(w)?
-3
Let p(n) = -31*n**3 + n**2 + 3*n - 2. Let f be ((-12)/18 + 3)/((-133)/(-57)). What is p(f)?
-29
Let i(r) = -2*r - 5. Suppose -h + 9 = 4*h - 2*w, -h + 2*w = 3. Suppose 0 = 2*y + 4*l + 12, 3*y - 18 = -0*y + h*l. Let n be 3/(y + 3/(-2)). Calculate i(n).
-17
Suppose -4*z = -y + 44, 300 = -13*y + 18*y - 4*z. Suppose 17*q - 21 - y = 0. Let f(m) = -m**3 + 3*m**2 + 6*m - 2. Give f(q).
-22
Suppose -6*r = 93 - 99. Suppose 27*y - 26*y - 2*n + r = 0, n = -3*y - 3. Let f(a) = 3*a**2 - a**2 + a - a**3 + 2*a**3. Determine f(y).
0
Let o = 1395 + -1396. Let b(a) = 5*a - 13. Let z(w) = -6*w + 14. Let p(j) = -5*b(j) - 4*z(j). Let t(n) = 1. Let r(k) = o*p(k) + 5*t(k). What is r(5)?
1
Suppose 117 = 29*w + 1. Let v = w + -10. Let t(l) be the third derivative of l**6/120 + 7*l**5/60 + l**4/4 + 2*l**3/3 - l**2. Determine t(v).
4
Let n be (0 + -2)/(2 + (-3)/3). Let a(v) be the first derivative of v**4/2 + v**3/3 + v**2 + v + 224. Determine a(n).
-15
Let l(c) be the first derivative of -c**4/4 - 2*c**3/3 + c**2 - 28*c + 4725. What is l(0)?
-28
Let q(x) = x + 4. Suppose -2*a = -5*p - 303, 6*a - 297 = 4*a + 3*p. Let n = -138 + a. Give q(n).
10
Let m(g) = g**2 + g - 3. Let s = -7 - -10. Let f be 1 + (s - 2)/((-2)/(-4)). What is m(f)?
9
Let f(k) = -k**3 + 2*k**2 - k + 2. Suppose 0 = -p + 5*p. Let c be f(p). Let h(q) = 8*q - 4*q - c + 2*q**2 - 3*q. Determine h(-2).
4
Let q be ((-6)/(-4))/(18/36). Suppose 0 = -q*m - m - 2*n + 12, -2*n = 5*m - 15. Let p(d) = 8*d**m + 96*d - 96*d. What is p(1)?
8
Let v(w) = w**2 - 4*w + 9. Let f be v(3). Let r(u) = -u**2 - 3*u + 1. Let c(g) = -5*g**2 - 21*g + 11. Let b(x) = f*r(x) - c(x). What is b(4)?
-9
Let g(q) = -3*q**2 + 4*q - 2. Let f(d) = -5*d**3 - 3*d**2 + 3. Let a be f(-3). Suppose 0 = -5*y - 30, -49*r + y + 348 = -46*r. Let w = r - a. What is g(w)?
-17
Let m be (9 + (10 - 5))/2 + -5. Let b(a) = -20*a**2 - 27*a**2 + 48*a**m. Suppose -5*n - 3*j - 1 = -3*n, -4*n + 4*j + 8 = 0. What is b(n)?
1
Suppose -c + 4*n = -5*c + 3096, 2*n = -6. Let m(u) = -u**2 + 7*u**3 + 386 - c + 391. Give m(1).
6
Suppose 0 = -4*c + f + 23, 17*f + 25 = 22*f. Let n = 3 + 4. Let v(y) = -2 - y**2 - 2 + 1 + n*y. Calculate v(c).
-3
Let i(f) = f**2 - 5*f - 3. Let n(r) = -r**2 + 17*r - 4. Let o be n(16). Suppose -o*a = 10 - 46. Suppose -a*x + 5*x = -w + 10, 0 = 4*x - 3*w - 10. Give i(x).
-7
Let v(d) = d**3 + d**2 - 4*d + 5. Let x be (-4)/20 - 19/5. Let q(n) = -n**3 - n**2 + 3*n - 4. Let m(r) = x*q(r) - 3*v(r). Suppose -60*h = 3*h. Calculate m(h).
1
Let a(s) = 5*s**3 - 2*s**2 + 3. Let b(q) = 27*q**3 - 8*q**2 - q + 16. Let t(l) = -11*a(l) + 2*b(l). Calculate t(6).
-13
Let w(s) = -9*s - 1. Suppose -i - 3*r = -3*i + 5, -5*i = -5*r. Let y be i - (-1 - (5 + -2)). Give w(y).
8
Let k(l) = -19*l - 60. Suppose -824*u + 815*u = 27. Give k(u).
-3
Let x(u) = 9*u**3 - 108*u**2 + 235*u - 325. Let t(g) = g**3 - 12*g**2 + 26*g - 36. Let v(s) = -53*t(s) + 6*x(s). What is v(9)?
3
Let j be (4/8)/(19/38). Let d(c) = 366*c - 4*c**2 - 721*c + 356*c. What is d(j)?
-3
Let w(q) = -q**3 + 20*q**2 - 17*q + 1. Let m(d) = -2*d**2 + 31 - 27 - 3 + 2*d. Let j(f) = 4*m(f) + w(f). Give j(11).
27
Let p(w) = 2*w**3 + 18*w**2 - 19*w + 1. Let q = 3363 - 3362. What is p(q)?
2
Let i(f) = -f**2 - f - 1. Let o be ((-2016)/(-576))/((-2)/4). Calculate i(o).
-43
Let t(z) = -z**2 - 6*z - 6. Let y(p) = 5*p - 3. Let i be y(3). Let r = 2667 - 2658. Suppose -6*x = -r*x - i. Calculate t(x).
2
Let u(n) = -10*n**2 + 86 - 207 + n**3 + 54 + 77 + 19*n. Determine u(6).
-20
Suppose 3*u = -5*o + 32380, -6*u + 3*o = -8*u + 21586. Let v(t) = u - 4*t - 2*t - 10794. What is v(-4)?
20
Let q(v) be the first derivative of v**4/12 - 2*v**3/3 + 5*v**2/2 + 54*v + 2. Let k(d) be the first derivative of q(d). Give k(4).
5
Let d(n) = -3*n**2 - 5*n + 34. Let m(q) = -q**3 - 7*q**2 + 22*q + 149. Let x be m(-7). Give d(x).
-16
Let p(l) = l**3 - 7*l**2 + 7. Suppose 0 = k + 4, -f + 35*k = 40*k. Let v(z) = z**2 - 27*z + 147. Let n be v(f). Give p(n).
7
Let x(k) = 2*k**2 + 68*k - 74. Let n be x(-35). Let f(j) be the second derivative of -j**4/12 - j**3/6 - j**2 - j + 18. Give f(n).
-14
Let c(j) = -10*j + 26. Let o be c(-17). Suppose 48*f + o = 44*f. Let v = 53 + f. Let g(y) = -y**3 + 4*y**2 + 4*y - 6. What is g(v)?
10
Suppose 2 = f + 8. Let c(x) = -x**3 + 3*x - 79*x**2 + 73*x**2 + 5*x - 16*x + 11*x + 4. Calculate c(f).
-14
Let n(p) = p**3 + 2*p**2 - 2*p + 4. Let z(x) = 10 + 8*x - 34 - x**2 - x + 8*x. Let f be z(12). Let c be 32/f + -2 - (-11)/(-3). Give n(c).
1
Let g(c) = -c**2 + 10*c + 7. Let q(k) = -2*k**2 - 20*k - 22. Suppose 0 = -13*n + n - 96. Let z be q(n). What is g(z)?
7
Let i = -3 + 8. Let u(b) be the second derivative of 2*b + 26 + b**2 - 1/6*b**3. What is u(i)?
-3
Let l(o) = -o**2 + 6*o + 6. Let a(v) = v + 1. Let q(s) = 11*a(s) - 2*l(s). Suppose -5*p + 48 = 7*p. Suppose -3*b + p = -b. Calculate q(b).
5
Let i(x) = -12*x. Let y(d) = -d**2 - 5*d + 103. Let q be y(-13). What is i(q)?
12
Let k(w) = -4*w - 3. Let x = -9 - -7. Let v be k(x). Let m(j) = -294*j - 1. Let q(h) = -110*h - 1. Let u(r) = -3*m(r) + 8*q(r). What is u(v)?
5
Let s(x) be the second derivative of 11*x**3/6 + 4199*x. Let d(m) = 5*m**2 - 1. Let a be d(1). Let y = a - 6. Determine s(y).
-22
Let d(i) = i**3 + 7*i**2 + 10*i + 33. Let t be d(-6). Let b(o) = 0 - 4*o + 0 + 12*o + t. What is b(-6)?
-39
Let b(n) be the second derivative of n**5/20 + n**3/6 - n**2 + 27*n - 36. Suppose -z + s = -2, 0*s - 4 = -2*z + 5*s. Determine b(z).
8
Let d(b) = -2*b**2 + 33*b - 22. Let w(g) = -g**3 - 48*g**2 + 154*g + 67. Let r be w(-51). What is d(r)?
-6
Let o(d) be the third derivative of d**6/120 - d**5/30 - 5*d**4/24 + d**3/2 - 4*d**2 - 5*d + 26. Let v be (1/2)/((-1)/(-6)). Determine o(v).
-3
Let c(n) = -n - 1. Let a(z) = -